ivative of -9*t - s*t**3 - 5*t**2 - 24. Give i(-8).
7
Suppose 0 = 5*d - 0*b + b + 49, -5*d = 2*b + 48. Let m(t) = t**2 + 14*t + 20. Give m(d).
-20
Let n(f) = 2*f + 3. Suppose 0 = -9*j + 23 + 4 + 27. Determine n(j).
15
Let a(c) = 5*c**3 - 35*c**2 + 54*c - 11. Suppose 0 = -6*s + 14*s - 40. Let j(r) = -3*r**3 + 23*r**2 - 35*r + 7. Let v(d) = s*a(d) + 8*j(d). Calculate v(-10).
1
Let w(o) be the first derivative of -4*o**2 - o + 1. Suppose 4*j + 5*r = 7*r + 90, -5*j + 110 = -3*r. Suppose 57*p - j = 62*p, 0 = 2*g + 2*p + 8. Give w(g).
-9
Let c = 22 + -32. Let o(q) be the third derivative of -q**5/60 - 5*q**4/12 + 4*q**3/3 + 409*q**2 - 2. Give o(c).
8
Let q(m) = 17*m**2 + 1. Let o = -109 - -109. Suppose 21*n - 10*n + 11 = o. Give q(n).
18
Suppose -40 = -45*d + 53*d. Let g(h) = 10*h + 57. Calculate g(d).
7
Let g(c) be the second derivative of c**3/6 - 3*c**2 + 36*c + 4. Let h = 26 + -36. Let y = -4 - h. Determine g(y).
0
Let n(s) be the second derivative of -5*s**3/6 + 23*s**2/2 - 75*s + 33. What is n(-10)?
73
Let h(o) be the second derivative of -o**4/3 + o**3/2 - 3*o**2/2 - 2*o + 1194. Let w = 4 - 2. Suppose -5*z + 2 + 0 = -4*r, 3*r + w = 4*z. Determine h(z).
-13
Let d(a) = -3*a - 59. Let s be d(-18). Let r be ((-195)/234)/(((-1)/1)/6). Let f(l) = -2*l + r + 1 + 1 + 6*l. Calculate f(s).
-13
Let q(y) = -5*y**2 + 4*y + 1. Suppose -950*v + 908*v = -126. What is q(v)?
-32
Let s(r) = 4*r**2 + 29*r - 5. Let c(m) = -2*m**2 - 13*m. Let k(q) = 5*c(q) + 3*s(q). Give k(-11).
-15
Let w(l) = 249 + 248 + 252 + 11*l - 752. Calculate w(5).
52
Let q(n) = -12*n - 4 - 1 - 15*n + 1 + 17*n. Let h = 12 - 7. Let f(w) = 11*w + 4. Let m(y) = h*f(y) + 6*q(y). What is m(-4)?
16
Let c(j) = j**3 - j + 1. Suppose -4 = 2*a - 8. Suppose 4*t = -2*o - 8, 10 = 5*o - 0*o - 5*t. Suppose m + 5 = -2*b, 4*m + a = -o*b - 2*b. What is c(m)?
1
Let n(i) = -i**3 - i**2 + 5*i + 5. Let b(v) = 17*v + 128. Let f be b(14). Let q = 363 - f. Calculate n(q).
8
Suppose 0 = -5*v + 3*g + 54, -9 = -g + 4*g. Let c = -5 + v. Suppose 0 = 4*d + 3*a + 1, -c*d + 0*a = -a + 21. Let n(b) = b**2 + 4*b + 6. Calculate n(d).
6
Suppose 823 - 153 = -50*r - 530. Let a(c) = c**3 + 25*c**2 + 32*c + 193. Calculate a(r).
1
Let y be (-2)/(-2)*(-2 - 8). Let l(m) be the third derivative of -m**6/120 - 11*m**5/60 - m**4/2 - 19*m**3/6 + 2*m**2 - 157. Give l(y).
1
Let p(y) = -3*y + 574 - 584 - 3*y. Let g be -2 + 3 - (-16)/(-2). Give p(g).
32
Let g(r) = -2 - 62*r + 66*r + 3. Let q be 2/(3 + 316/(-108)). Let p = q + -26. Determine g(p).
5
Suppose 158*j - 189 = 137*j. Let z(y) be the second derivative of -y**5/20 + 5*y**4/6 - 7*y**3/6 - 5*y**2 - 4*y. Determine z(j).
8
Let w(u) = -u**3 + 11*u**2 + 14*u + 12. Suppose -j - 90 = -l + 6*l, 2*l = 4*j + 294. Let p = 87 + j. Give w(p).
36
Let t = -1 + 0. Let f be 6/4 + (-234)/52. Let x be (7/(-21))/(t/f). Let p(g) = -15*g**3 + g**2 + g + 1. Calculate p(x).
16
Let v be ((-5)/(-10) + 0)*-6. Let x be (6/(-5))/v*(-250)/25. Let p(m) = -3 + 3 + 78*m - 73*m. Determine p(x).
-20
Suppose -38 - 22 = 15*a. Let k = -154 - -290. Let w(t) = -2 + t**3 + 138*t + 0*t**3 - k*t + 4*t**2. What is w(a)?
-10
Suppose 17*q - 340 = -3*q. Let h(o) = o**2 - 22*o + 87. Let z be h(q). Let k(f) = -7*f. Give k(z).
-14
Let b(a) be the second derivative of -a**6/120 - a**5/12 + a**4/6 + 5*a**3/6 - 37*a**2 + 94*a. Let u(d) be the first derivative of b(d). Give u(-6).
17
Let h(q) be the second derivative of -q**4/12 + q**2/2 - q + 13. Give h(-5).
-24
Let l(m) = m**2 + 2*m - 6. Let f(i) = -5*i - 2. Let r(t) = -2*f(t) - l(t). Give r(-4).
-38
Let h(l) = -l**2 - 14*l + 22. Let s = 7678 + -7694. Determine h(s).
-10
Let u(o) = o**3 + 27*o**2 - 23*o + 131. Let s be u(-28). Let t(m) be the third derivative of m**5/60 + 11*m**4/24 + 5*m**3/6 + 8*m**2. Calculate t(s).
-13
Let s(z) = 2*z**2 + 2*z + 9. Let p be ((-1848)/(-1540))/(2*(-6)/(-40)). Determine s(p).
49
Let z(m) = 16*m. Suppose -10*d - 15 = -75. Suppose -d*t + 3*u = -2*t + 16, 0 = -t - u + 3. What is z(t)?
-16
Let p(q) = q - 17. Let n(t) be the first derivative of -5*t**2 + 50*t - 209. Let w be n(5). Calculate p(w).
-17
Let g(a) = a**2 + 6*a - 7. Let o be (2/4 - 3)*-2. Suppose o*i = -14 - 56. Let p(m) = 2*m + 22. Let j be p(i). What is g(j)?
-7
Let h = 179 - 179. Let l be (-45)/(-15) - (-2 + h). Let i(m) = -m**3 + 6*m**2 - 3*m - 7. Give i(l).
3
Suppose -11*m + 2 = -12*m. Let y be (-3)/(-5 + 4) - (3 + m). Let k(r) = -6*r + r - 3*r + 6 + 4*r + r**y. Give k(4).
6
Let i(a) = 6*a + 7. Let l(k) = -17*k - 21. Let h(t) = 11*i(t) + 4*l(t). Let d be (-1*10)/((3 + 1)/(-2)). Suppose -2*n + 2 = -8, d*n = 5*x + 55. What is h(x)?
5
Suppose 0 = 4*j + 5*h - 1, 4*h = -3*j - 1 + 2. Let g(i) = -5*i**2 + 10*i + 6. Let a(w) = 2*w**2 + 1. Let k(m) = j*g(m) - 3*a(m). Determine k(-9).
0
Let l be 1/(-2*6/924). Let w = l - -79. Let h(y) = 19*y + 1. Determine h(w).
39
Let n(a) be the third derivative of 0 + 0*a - 3*a**2 - 1/60*a**5 + 0*a**3 + 7/120*a**6 + 1/24*a**4. Let q be 6/42*9 - (-4)/(-14). What is n(q)?
7
Let b(r) be the third derivative of r**8/1344 + r**6/720 - r**5/120 + r**4/6 + r**3/3 - 50*r**2. Let m(z) be the second derivative of b(z). Calculate m(1).
5
Let c(d) = -d - 1. Let l be 1/((-1)/2)*14/(-4). Suppose -l = 2*g - 11. Suppose -5*r + 0*r + 15 = g*p, -4 = r - p. What is c(r)?
-2
Let b be (-6)/(-8) - 976/(-64). Let y(j) = 5*j - 38. Give y(b).
42
Let f = -1 - -3. Let l = -1 + f. Let c(d) = -d**2 + 2. Let m(k) = 7*k**2 + k - 9. Let z(r) = -4*c(r) - m(r). Give z(l).
-3
Let g(k) = k**3 - 3*k**2 - 2*k + 4. Suppose -18*q = -17*q - 6. Suppose -6 + 27 = y. Suppose q*m = -3 + y. Calculate g(m).
-2
Let j be (20/8)/(3 + 15/(-6)). Suppose -128 = -j*h + 97. Let g = h + -48. Let o(s) = s**3 + 4*s**2 + 3*s - 3. Give o(g).
-3
Let d(a) = a**2 - 8*a + 29. Let k be d(4). Let y(b) = -6*b - 3*b**2 + k*b**2 - 4*b**2 + 0*b - 5*b**2. Suppose -4 = 2*r - 6*r, -p - 4*r + 11 = 0. What is y(p)?
7
Let x(f) = -f**3 + 5*f**2 - 2*f + 1. Suppose 5*l = 4*z + 156, l - 8 = -l. Let c = z + -13. Let k = 51 + c. Determine x(k).
9
Let d(r) = -r**3 - r**2 - r - 1. Let j be -14 + 10 + (-1 - -5). Suppose n + 5*v - 20 = -j*n, -4*n + 3*v - 12 = 0. What is d(n)?
-1
Let k(w) be the second derivative of 11/2*w**2 + 1/12*w**4 + 0 - 11/6*w**3 - 18*w. Let v be k(9). Let d(z) = -z**2 - 8*z - 4. What is d(v)?
3
Let u be ((-20)/(-8))/(-5)*(-9 - -1). Let s(y) = 9*y**2 - 6*y - 8. Let h be s(u). Suppose -12*q = 4*q - h. Let a(w) = w**3 - 7*w**2 + w - 7. Determine a(q).
0
Let a = 1 - 2. Let b(h) be the first derivative of -h**4/4 - h**3/3 + h - 32252. What is b(a)?
1
Let o(w) = w**3 - 53*w**2 + 683*w - 31. Let d be o(31). Let h(q) = -q**2 + 2*q**2 - 1 + 4*q - 3*q. Determine h(d).
-1
Suppose 0 = -214*k - 4628 + 990. Let c(b) = 5*b + 32. Let u(p) = -2*p - 11. Let i(x) = x - 14. Let q be i(8). Let a(n) = k*u(n) + q*c(n). Determine a(4).
11
Let l = -4 + 11. Let g(x) be the first derivative of 13*x + 1 - 1/2*x**2. Give g(l).
6
Let f(m) = -2*m**3 - m**2 - 8. Suppose 1154 - 1202 = 24*t. Give f(t).
4
Let c be 178/8 - 54/(-72). Let m(o) = 8*o + 16*o - c*o. Let r = -59 + 53. Give m(r).
-6
Let s(u) be the second derivative of 7*u**3/3 + 15*u**2/2 - 99*u - 3. Give s(-4).
-41
Let s(h) = -2*h**2 + 33*h - 38. Let m(l) = -l**3 + l**2 + 15*l - 5. Let o be m(-4). Determine s(o).
7
Let w = -1 - 2. Let g(v) = -784*v - 1173*v**2 - 1 + 1172*v**2 - v**3 + 788*v. Determine g(w).
5
Let a(i) = i**2 + 3*i - 2. Suppose 0 = 15*d + d + 64. Let f be a(d). Let t(l) = l - l**2 - 3*l - 2*l**f + 2*l**2. What is t(-1)?
1
Let n(s) = 10*s. Suppose 11*w + 19*w - 21*w = -18. Determine n(w).
-20
Let i(q) = q**2 - 268*q + 1833. Let n be i(7). Let h(c) = -c**2 - 11*c + 13. Give h(n).
-89
Suppose 7*z + 2356 = -1270. Let d = z + 520. Let o(r) be the third derivative of r**6/120 - r**5/60 + r**4/24 - r**3/3 - r**2. Give o(d).
4
Suppose -a + 4 - 2 = 0. Let n(r) = -r**3 - 7*r**2 - 5*r + 7. Let z be n(-6). Let v(y) = 4*y**2 - 4*y. Let c(m) = m. Let b(d) = z*v(d) + 4*c(d). Give b(a).
16
Let a be 0 + (4 - (-1 + 2)). Let g = -156 - -158. Let l(o) = 4*o**2 + g*o**3 + 0*o**a - o**3 + 0*o**3. Determine l(-4).
0
Let a(r) = -3*r**3 - 30*r**2 - 74*r - 22. Let l(m) = m**3 + 9*m**2 + 25*m + 7. Let k(z) = 4*a(z) + 11*l(z). Determine k(-20).
9
Let d(h) = 2 - 6 - 1 - 256*h + 531*h - 274*h. Calculate d(-6